 of k and 369?
9
Let q(m) = -6*m + 28. Let f be q(6). Let z = -4 - f. Suppose -z = -u - u. What is the greatest common divisor of u and 16?
2
Let x be (-1085)/(-124) - (1 + 19/(-16))*-4. What is the highest common factor of x and 7472?
8
Suppose 367*t - 37376 = 303*t. What is the greatest common divisor of t and 438?
146
Let c(i) = -i**2 + 158*i - 4581. Let l be c(101). Calculate the highest common divisor of l and 980.
196
Suppose -13979 + 4365 = -209*o. What is the greatest common factor of 92 and o?
46
Suppose 6*s - 248 + 32 = 0. Let u = s - 15. Calculate the greatest common divisor of u and 28.
7
Suppose -761 = -22*w - 255. Suppose -w*o + 1938 = -6*o. What is the greatest common divisor of o and 38?
38
Let q(i) = 4*i**2 - 6*i - 2. Let v be q(2). Suppose -42 = m + v*m. Let g(x) = -4*x - 33. Let w be g(m). What is the greatest common divisor of 92 and w?
23
Suppose 6*w + 37440 = 86*w. Calculate the highest common divisor of w and 559.
13
Suppose 335 = 4*j + 359. Let a be (-465)/j*(96/20 + -4). What is the greatest common factor of 403 and a?
31
Let g be (0 + (-9)/(-15))/(31/155). Suppose 5*i = -5*h + 1060, -1029 + 216 = -4*h + g*i. Calculate the greatest common divisor of h and 345.
69
Let p = -10043 - -10181. What is the greatest common factor of p and 2553?
69
Let v be (620/(-8) - 1)*((-262 - -11) + 3). Calculate the highest common factor of 248 and v.
124
Suppose -4*b = -5*n - 263, 0 = 2*n - 4*b - 41 + 139. Let o be (36/(-10))/(22/n). What is the highest common divisor of 3 and o?
3
Suppose 20*q - 4234 = -1114. Calculate the greatest common divisor of q and 1053.
39
Let z(x) = 28*x - 2934. Let i be z(108). Let h = -6 + -2. Let m = 52 - h. Calculate the highest common factor of m and i.
30
Suppose 3*z + 3 = m - 6*m, 0 = z + 4*m + 8. Suppose -3*u = 2*u - z*v - 364, 3*u = v + 224. Calculate the highest common factor of u and 4.
4
Suppose -l = -0*l - 60. Suppose -3*k - 25 + 101 = z, -z + l = -k. Let s be z/11 + 6/33. Calculate the highest common divisor of 18 and s.
6
Let j = -144 - -148. Suppose -3*w = -j*w - 136. Let c = w - -139. Calculate the highest common divisor of c and 15.
3
Let d = 20429 + -20218. Calculate the highest common divisor of 6541 and d.
211
Let j be (152/42)/(830/8715). Calculate the highest common factor of j and 37582.
38
Let j be (-462)/(-15) + (6/(-15))/(-2). Let q be (0 - (2 - 3))*(19 + j). Let w = 74 - q. What is the highest common divisor of w and 60?
12
Suppose -3*c + 5*d = -1231, 2*c + 5*d - 92 = 712. What is the greatest common divisor of c and 154?
11
Let r = 828 + -743. What is the greatest common factor of r and 2380?
85
Let h = -3506 + 3554. Calculate the greatest common factor of 348 and h.
12
Suppose -s + l + 6425 = 0, 260*s - 4*l + 32179 = 265*s. What is the greatest common divisor of 118 and s?
59
Suppose -g + 17*w = 14*w, -3*g + 33 = 2*w. Suppose -5*o - 3 = 2*q, -6*o = -q - 5*o + g. Calculate the highest common factor of q and 15.
3
Let f(z) = z**3 + 10*z**2 - 8*z - 165. Let h be f(-8). What is the greatest common factor of h and 144?
9
Let n = 5427 + -5421. Let g = -6 - -15. What is the greatest common factor of n and g?
3
Suppose -451 = 22*r - 1551. Calculate the greatest common divisor of 1675 and r.
25
Suppose -2*s - 2*x + 80 = 0, 0 = -6*s + 7*s + 5*x - 40. What is the highest common factor of 40 and s?
40
Let b be -6 - -1217 - 6 - 8. Calculate the greatest common divisor of 441 and b.
63
Suppose 265 = -7*l + 1156 + 264. What is the greatest common divisor of l and 605?
55
Let g be ((-25)/10)/(20/(-624)). Let f be 51*(7/(-3) + 2). Let s = f - -69. Calculate the highest common factor of g and s.
26
Suppose 5*y + w = 6865, 49*y = 45*y + 2*w + 5478. Calculate the greatest common divisor of 4 and y.
4
Suppose 516*i = -4*j + 517*i + 198, -4*j - 5*i + 210 = 0. Suppose 2*c = 33 + 57. Calculate the greatest common divisor of j and c.
5
Let s = 33 - 29. Suppose 231 = 3*a - s*j + 62, j + 58 = a. Suppose -2*w = 2, 5*k + w = 4*w + a. What is the greatest common divisor of k and 132?
12
Suppose -60*t + 62*t + 14 = 0. Let k = -5 - t. What is the highest common factor of 16 and k?
2
Let m = 2205 + -2202. Suppose -2*z - 20 = -6*z - 4*y, 5*z - 21 = -3*y. What is the greatest common factor of z and m?
3
Let r(u) = 2*u + 29. Let g be r(-12). Suppose 5*w - 175 = j - 2*j, -5*w = -g*j + 1025. Calculate the highest common divisor of 40 and j.
40
Let t be (-46)/6 - ((-22)/(-3) + -8). Let z(l) = 2*l**2 - 3*l + 13. Let h be z(t). Calculate the highest common factor of h and 12.
12
Suppose -2*f = -205 + 895. Let x = f - -507. Let u = -1893 - -1911. Calculate the greatest common divisor of u and x.
18
Suppose 10*t = 16*t + 36. Let v be 39/(-26) + t*(-2)/8. Suppose 4*a + u - 6*u - 123 = v, 0 = -3*a - 5*u + 101. Calculate the greatest common factor of 4 and a.
4
Suppose -5*k + 629 = -y, 161*k = 162*k + 4*y - 109. What is the highest common divisor of k and 6625?
125
Let z be 2/(-3)*-87 + (68 - 61). Calculate the greatest common factor of 40 and z.
5
Let p = 8566 - 7544. Calculate the greatest common factor of p and 146.
146
Suppose 0 = -16*c + 74 - 10. Suppose 2*k - 72 = -c*f + 178, 5*f = -k + 305. What is the greatest common divisor of f and 150?
30
Let t be 3/(-6) + (-4 - 2628/(-8)). Let s(n) = -n**3 + 9*n**2 + 5*n - 68. Let a be s(8). Calculate the greatest common divisor of t and a.
36
Let k(i) = 9*i**2. Let r be k(3). Let h be (-310)/(-4)*((-364)/70)/(-13). Suppose 7*o - h - 32 = 0. What is the greatest common factor of o and r?
9
Suppose w - 1444 = -c + 2077, 0 = -3*w - 4*c + 10559. Calculate the greatest common factor of w and 15.
15
Suppose 4*l - 5*s = 979 - 39, 2*l - s - 476 = 0. Calculate the highest common divisor of l and 680.
40
Let g(s) = s**3 + 37*s**2 + 27*s + 55. Let u be g(-36). Let p = 400 - u. Calculate the greatest common divisor of p and 357.
21
Suppose 25*a = 11*a - 3150. Let m = a - -279. What is the greatest common factor of m and 108?
54
Suppose -l = -4, -5*l = 2*m - 5 - 23. Suppose f = -m*f + 90. Let r(b) = -2*b + 28. Let n be r(13). Calculate the highest common factor of f and n.
2
Let y(q) = 6*q + 50. Let k(x) = -2. Let l(w) = -5*k(w) + y(w). Let g be l(-6). Suppose -5*t + 16 - 1 = 0. Calculate the greatest common factor of t and g.
3
Let y(k) = -3*k**3 - k**2 + k. Let z be y(-2). Suppose -4*l + p + 2091 = 0, 3*l - 5*p = 446 + 1135. Calculate the greatest common factor of z and l.
18
Let o be ((-402)/8)/(7*(-15)/1960). Calculate the greatest common factor of o and 201.
67
Let o = -546 - -606. Suppose -2*m + 14*a = 15*a - o, -3*a = 0. Calculate the greatest common factor of m and 195.
15
Suppose 24 = 4*t + 2*j, -4*j = -3*t - 0*t - 4. Suppose 2*p - 758 = -t*r, -5*p = -r + 58 + 104. What is the greatest common divisor of r and 17?
17
Let f = 2384 - 2383. Calculate the highest common factor of f and 1.
1
Let i(a) = -99*a - 27. Let x be i(-3). Suppose -3*h - 2*h + x = 0. Calculate the highest common divisor of 36 and h.
18
Let m = 206 - 75. Suppose -523 = -2*q - m. What is the greatest common divisor of 28 and q?
28
Let w = -2329 - -2425. What is the highest common factor of 7584 and w?
96
Let n(k) = -k + 11. Let a(v) = v**2 + 12*v - 11. Let x be a(-10). Let c = x + 38. Let h be n(c). Calculate the greatest common factor of h and 8.
4
Suppose -46*o + 63 + 75 = 0. Suppose 48 = o*r + 3*m, -m - 53 - 3 = -3*r. Suppose -5*t + 0*t = -180. What is the greatest common factor of t and r?
18
Suppose -2 = -f + 4*l - 1, 0 = -4*f - 3*l + 80. Suppose -18*m + f*m + 12 = 0. Calculate the greatest common factor of m and 504.
12
Suppose -14*t + 10*t + 20 = 0. Let h be (-1)/t + 594/45. Let p be 36/(-1)*h/(-26). Calculate the highest common factor of 6 and p.
6
Let z be -1 + (-2700)/1 - (-2)/1. Let d be z/(-6) + 4/24. Suppose -4*x = -7*x + d. What is the highest common factor of 15 and x?
15
Suppose 4*v = 4 + 4. Let f be (1 - (294/(-30))/(-7))/((-29)/145). Calculate the greatest common factor of f and v.
2
Suppose 159 + 237 = 3*d. Let u be (2 - 2)*5/(-15). Suppose -s + 3*s - 22 = u. What is the greatest common divisor of s and d?
11
Let l = -210 + 123. Let c be (-3 - l/9)*180/25. Suppose 36 = 2*x + x. What is the highest common divisor of c and x?
12
Let a(f) = 9*f + 59. Let b be a(-6). Suppose 0 = b*o - 918 + 138. Cal